 the remainder when v is divided by 12.
10
Let d be -2*((-6)/3)/(-1). Let y = 14 - d. Suppose -5*o + 210 = -2*o. What is the remainder when o is divided by y?
16
Suppose -2*n = n - 5*c - 32, -4 = -2*c. What is the remainder when n is divided by 3?
2
Let f = 42 - 36. What is the remainder when 8 is divided by f?
2
Suppose -120 = -4*k + 80. Let h be k/3 - 1/(-3). Suppose 47 = 3*u + h. Calculate the remainder when 28 is divided by u.
8
Suppose 51 = -4*h + 163. Let m be ((-12)/(-2))/2 - -61. Suppose 5*p = 11 + m. Calculate the remainder when h is divided by p.
13
Let v = 4 - -16. Suppose -4*d - d + v = 0. Suppose -9 = -d*o + 19. Calculate the remainder when 12 is divided by o.
5
Let p be 2/5 + (-130)/(-50). Suppose 67 - p = i. Let s = 8 - -14. Calculate the remainder when i is divided by s.
20
Suppose u + 0 = -10. Let b = -16 - -27. What is the remainder when 489/15 - (-6)/u is divided by b?
10
What is the remainder when 1084/18 - (-12)/(-54) is divided by 31?
29
Let j = 246 - -13. Suppose 4*v + 2*o - j = 3*o, 0 = -2*v - 4*o + 152. Calculate the remainder when v is divided by 17.
15
Let b be (-2)/7 - (-1712)/14. Suppose -5*f + 133 + b = 0. What is the remainder when f is divided by 13?
12
Suppose 8 + 18 = 2*x. Let d(t) = -5*t - 3. Let l be d(-5). Let w = l + 2. What is the remainder when w is divided by x?
11
Let n be ((-6)/(-10))/((-3)/(-15)). Suppose -102 = -2*i - 0*i. Suppose -4*u = n - i. What is the remainder when 34 is divided by u?
10
Let o be 12 + 0 + -2 + -1. Let u = o + 3. Calculate the remainder when 33 is divided by u.
9
Let x = 3 + 1. Let f(h) = 0*h + 3 + 0 - 5 - x*h. Calculate the remainder when 37 is divided by f(-3).
7
What is the remainder when 62 is divided by 8/((25/10)/5)?
14
Suppose 43*y = 48*y - 105. Let i = -20 + 28. Calculate the remainder when y is divided by i.
5
Suppose -3*p + 11 = u - 15, 0 = 2*u - 5*p - 8. What is the remainder when 55 is divided by u?
13
Let h be (1 - 2)*1/1. Let d be 5 + 2 + 0/h. Suppose 0 = p - d. Calculate the remainder when p is divided by 4.
3
Let v = 242 - 131. Suppose -2*g = -k - v, k + 0*k - 117 = -2*g. Calculate the remainder when g is divided by 15.
12
Suppose -164 = -5*l + 226. Let z(r) = -4*r - 4. What is the remainder when l is divided by z(-6)?
18
Suppose -2*t - 11 = -i, -5*t - 16 = i + 8. Suppose 23 = 4*m - i. Suppose j - m*k + 3*k + 11 = 0, -20 = -4*k. Calculate the remainder when 6 is divided by j.
2
Let m be (-2)/(-4)*-1*2. Calculate the remainder when 53 is divided by 19 - m*(-1 - 0).
17
Suppose 335 - 31 = 16*g. What is the remainder when 55 is divided by g?
17
Suppose -5*k = -7*k + 26. What is the remainder when 19 is divided by k?
6
Suppose -6*d = -10*d + 160. Let o(s) = s**2 + 5*s - 2. Let b be o(-6). Suppose 10 = q - b. Calculate the remainder when d is divided by q.
12
Let d = -32 + 55. What is the remainder when d is divided by ((-26)/(-6))/(1/3)?
10
Suppose -12*l = -162 + 6. Calculate the remainder when 155 is divided by l.
12
Suppose -2*r + 4 = -8. Let v = 77 + -113. Let i = -20 - v. What is the remainder when i is divided by r?
4
Suppose -4*v + 2*v = -24. Suppose -2*s - 5*k = -70, -4*s + s + 5*k + 105 = 0. Calculate the remainder when s is divided by v.
11
Let b(y) = -y**2 + 0*y**2 - 2 + 3*y + 0*y**2. Let g be b(2). Suppose g = -2*v + 4*v - 16. What is the remainder when 15 is divided by v?
7
Suppose 4*u + 2*q = 40, -23 = -3*u + 3*q - q. Calculate the remainder when u is divided by 2.
1
Let t(r) = -4*r + 6. Calculate the remainder when t(-4) is divided by 12.
10
Let k be 4/6 + (-6)/9. Suppose -14 = -k*h - 2*h. What is the remainder when 13 is divided by h?
6
Suppose 0 = -8*y + 331 + 141. What is the remainder when 411 is divided by y?
57
Let c = -1 - -31. What is the remainder when 87 is divided by c?
27
Suppose 0 = 2*q + 3*x - 87, 8*x - 3*x = 5. Suppose q = 5*i - 33. Let s(k) = -k**3 - k**2 + k. What is the remainder when s(-4) is divided by i?
14
Suppose -2*s - 2*a = -54, 4*s = -0*s + 2*a + 96. Let l = -1 - -1. Let r = 9 - l. What is the remainder when s is divided by r?
7
Let g(r) = -3*r + 7 - 6 - 3*r. Calculate the remainder when g(-4) is divided by 9.
7
Let t = 50 + -36. Calculate the remainder when 1089/27 + 1/(-3) is divided by t.
12
Let u = 16 + -5. Calculate the remainder when u is divided by (24/10)/((-81)/(-15) - 5).
5
Let u(q) = -q**3 - 15*q**2 - 2*q - 7. Calculate the remainder when 63 is divided by u(-15).
17
Let f = 76 + -46. Calculate the remainder when 117 is divided by f.
27
Let j(n) = 6*n - 2. Suppose 3*p = 2*k + 6, 2*p + 6*k - 4*k = 4. Let t be 2/(p/(4/2)). Calculate the remainder when j(t) is divided by 6.
4
Let w(r) = r**3 - 6*r**2 - 9*r - 10. Calculate the remainder when w(8) is divided by 16.
14
Let w = -1 + 12. Let v = -18 + 60. Calculate the remainder when v is divided by w.
9
Suppose 0 = 3*v + 2*f - 323, -319 = -3*v + 5*f - 3*f. What is the remainder when v is divided by 10?
7
Suppose 3*y - 5*w - 314 = 0, -2*w = 4*y + y - 482. Calculate the remainder when y is divided by 33.
32
Suppose -58 = 2*f - 92. What is the remainder when f is divided by 9?
8
Suppose -a - 2*a = -3*j - 3, 4*a = -j + 14. Suppose j*o = -o + 120. Let c(z) = 2*z**2 + 7*z - 1. Calculate the remainder when o is divided by c(-5).
12
Let n(k) = -9*k - 1. Suppose -4*j + 37 = -71. Calculate the remainder when n(-6) is divided by j.
26
Suppose 4*k + 9 = 4*i + 49, -2*k + 4*i + 20 = 0. Calculate the remainder when 49 is divided by k.
9
Let u(x) = x**2 + 3*x + 4. Let d be u(-4). Calculate the remainder when (12/(-2))/((-6)/d) is divided by 3.
2
Suppose 3*i - 20 = -3*w + 4, -4*i - 5*w + 29 = 0. Let y = -95 + 57. What is the remainder when (y/(-6) + 0)*3 is divided by i?
8
Suppose 0 = 5*p + 3*q - 75, -2*p - q + 39 = 2*q. Suppose 0 = -2*j - 3*j + 170. What is the remainder when j is divided by p?
10
Suppose -5*j - 17 = 4*u, 4*j - 30 = 3*u + 2*j. Suppose -4*q = g + 8, 0 = 2*q - 2*g + 18 - 4. Let k = q - u. Calculate the remainder when 13 is divided by k.
3
Let z(i) = 31*i - 51. What is the remainder when (1/2)/(1/86) is divided by z(2)?
10
Let j(w) = -8*w - 12. What is the remainder when j(-6) is divided by 15?
6
Suppose 19 = 3*y + 7. Calculate the remainder when 15 is divided by y.
3
Suppose 69 = 2*y - 7. Calculate the remainder when 149 is divided by y.
35
Suppose -i + 39 = -16. Suppose 8*l - 3*l = i. Calculate the remainder when 21 is divided by l.
10
Suppose -p = -4*p + 69. Suppose -3*g + 8 = 2. Suppose -g*h = 4*m - 31 + 5, -4*m - 5*h + p = 0. What is the remainder when 13 is divided by m?
6
Let b be 26/8 - 2/8. Suppose -i - b*i + 56 = 0. Calculate the remainder when i is divided by 8.
6
Let m(n) = -n**2 + 6*n - 8. Let i be m(10). Let o be (-2)/(2 - 148/73). Let q = o + i. Calculate the remainder when q is divided by 9.
7
Let l be (3/(-6))/((-4)/(-312)). Calculate the remainder when 49 is divided by ((-2)/6)/(1/l).
10
Let v(m) = m**2 + 5*m - 4. Let g be (-1 - 0)*(1 - 3). Calculate the remainder when v(-7) is divided by (0 - -2) + g*1.
2
Suppose s = 17 - 1. What is the remainder when 31 is divided by s?
15
Let a(v) = 15*v**2 - 1. Let h(g) = 13*g**2 - g - 1. Calculate the remainder when h(-2) is divided by a(-1).
11
Let y(b) = 5*b**2 + 13*b + 8. Calculate the remainder when y(-5) is divided by 36.
32
Suppose 3*d + 0*d = -3. Suppose -4*t + 39 = 2*l - 9*t, -3*l = 3*t - 27. Calculate the remainder when (-3)/(4/44*d) is divided by l.
9
Suppose u + 3*u - 16 = 0. Suppose 3 = -g + h + 8, -3*g + 12 = -u*h. What is the remainder when 22 is divided by g?
6
Suppose r - 2*t - 11 = 0, 3*r - r - 52 = -2*t. Suppose w - 3*w - n = -r, 2*n + 2 = 0. Calculate the remainder when 31 is divided by w.
9
Let m(t) = -t + 1. Let l be m(10). Let r(w) = -w**3 + 5*w**2 + 8*w + 3. Let q be r(6). Let u = q + l. Calculate the remainder when 11 is divided by u.
5
Suppose -2*r + 102 = -104. What is the remainder when r is divided by 35?
33
Suppose 5*y - 131 = 39. Calculate the remainder when 63 is divided by y.
29
Calculate the remainder when (-2 - (4 - 7)) + 180/3 is divided by 16.
13
Let o = -550 + 570. Calculate the remainder when ((-18)/(-4))/((-3)/(-52)) is divided by o.
18
Suppose -3*w + 57 = 4*d - 20, -3*d + 53 = 2*w. Calculate the remainder when 71 is divided by w.
14
Let z(r) = 8*r - 15. What is the remainder w